{"id":27,"date":"2016-08-12T20:33:14","date_gmt":"2016-08-12T18:33:14","guid":{"rendered":"http:\/\/www.waldbar.com\/?page_id=27"},"modified":"2017-10-06T21:26:11","modified_gmt":"2017-10-06T19:26:11","slug":"waldbar","status":"publish","type":"page","link":"http:\/\/www.waldbar.com\/?page_id=27","title":{"rendered":"\u00dcber die Waldbar."},"content":{"rendered":"<div id=\"pl-27\"  class=\"panel-layout\" ><div id=\"pg-27-0\"  class=\"panel-grid panel-no-style\" ><div id=\"pgc-27-0-0\"  class=\"panel-grid-cell\" ><div id=\"panel-27-0-0-0\" class=\"so-panel widget widget_sow-image panel-first-child panel-last-child\" data-index=\"0\" ><div\n\t\t\t\n\t\t\tclass=\"so-widget-sow-image so-widget-sow-image-default-8b5b6f678277-27\"\n\t\t\t\n\t\t>\n\n<div class=\"sow-image-container\">\n\t\t<img decoding=\"async\" src=\"http:\/\/www.waldbar.com\/wp-content\/uploads\/2016\/08\/G04A4729_klein.jpg\" width=\"864\" height=\"576\" srcset=\"http:\/\/www.waldbar.com\/wp-content\/uploads\/2016\/08\/G04A4729_klein.jpg 864w, http:\/\/www.waldbar.com\/wp-content\/uploads\/2016\/08\/G04A4729_klein-300x200.jpg 300w, http:\/\/www.waldbar.com\/wp-content\/uploads\/2016\/08\/G04A4729_klein-768x512.jpg 768w, http:\/\/www.waldbar.com\/wp-content\/uploads\/2016\/08\/G04A4729_klein-272x182.jpg 272w, http:\/\/www.waldbar.com\/wp-content\/uploads\/2016\/08\/G04A4729_klein-120x80.jpg 120w\" sizes=\"(max-width: 864px) 100vw, 864px\" alt=\"\" loading=\"lazy\" \t\tclass=\"so-widget-image\"\/>\n\t<\/div>\n\n<\/div><\/div><\/div><div id=\"pgc-27-0-1\"  class=\"panel-grid-cell\" ><div id=\"panel-27-0-1-0\" class=\"so-panel widget widget_sow-image panel-first-child panel-last-child\" data-index=\"1\" ><div\n\t\t\t\n\t\t\tclass=\"so-widget-sow-image so-widget-sow-image-default-8b5b6f678277-27\"\n\t\t\t\n\t\t>\n\n<div class=\"sow-image-container\">\n\t\t<img decoding=\"async\" src=\"http:\/\/www.waldbar.com\/wp-content\/uploads\/2016\/08\/G04A4617_klein.jpg\" width=\"864\" height=\"576\" srcset=\"http:\/\/www.waldbar.com\/wp-content\/uploads\/2016\/08\/G04A4617_klein.jpg 864w, http:\/\/www.waldbar.com\/wp-content\/uploads\/2016\/08\/G04A4617_klein-300x200.jpg 300w, http:\/\/www.waldbar.com\/wp-content\/uploads\/2016\/08\/G04A4617_klein-768x512.jpg 768w, http:\/\/www.waldbar.com\/wp-content\/uploads\/2016\/08\/G04A4617_klein-272x182.jpg 272w, http:\/\/www.waldbar.com\/wp-content\/uploads\/2016\/08\/G04A4617_klein-120x80.jpg 120w\" sizes=\"(max-width: 864px) 100vw, 864px\" alt=\"\" loading=\"lazy\" \t\tclass=\"so-widget-image\"\/>\n\t<\/div>\n\n<\/div><\/div><\/div><div id=\"pgc-27-0-2\"  class=\"panel-grid-cell\" ><div id=\"panel-27-0-2-0\" class=\"so-panel widget widget_sow-image panel-first-child panel-last-child\" data-index=\"2\" ><div\n\t\t\t\n\t\t\tclass=\"so-widget-sow-image so-widget-sow-image-default-8b5b6f678277-27\"\n\t\t\t\n\t\t>\n\n<div class=\"sow-image-container\">\n\t\t<img decoding=\"async\" src=\"http:\/\/www.waldbar.com\/wp-content\/uploads\/2016\/08\/G04A4032_klein.jpg\" width=\"802\" height=\"535\" srcset=\"http:\/\/www.waldbar.com\/wp-content\/uploads\/2016\/08\/G04A4032_klein.jpg 802w, http:\/\/www.waldbar.com\/wp-content\/uploads\/2016\/08\/G04A4032_klein-300x200.jpg 300w, http:\/\/www.waldbar.com\/wp-content\/uploads\/2016\/08\/G04A4032_klein-768x512.jpg 768w, http:\/\/www.waldbar.com\/wp-content\/uploads\/2016\/08\/G04A4032_klein-272x182.jpg 272w, http:\/\/www.waldbar.com\/wp-content\/uploads\/2016\/08\/G04A4032_klein-120x80.jpg 120w\" sizes=\"(max-width: 802px) 100vw, 802px\" alt=\"\" loading=\"lazy\" \t\tclass=\"so-widget-image\"\/>\n\t<\/div>\n\n<\/div><\/div><\/div><\/div><div id=\"pg-27-1\"  class=\"panel-grid panel-no-style\" ><div id=\"pgc-27-1-0\"  class=\"panel-grid-cell\" ><div id=\"panel-27-1-0-0\" class=\"so-panel widget widget_text panel-first-child panel-last-child\" data-index=\"3\" >\t\t\t<div class=\"textwidget\">Die Waldgastst\u00e4tte Deitmecke ist f\u00fcr die Mescheder Bev\u00f6lkerung seit Jahrzenten ein Begriff f\u00fcr sommerliche Gasstronomieerlebnisse sowie Feiern und Veranstaltungen zu jeder Jahreszeit in einer besonderen, naturnahen Atmosph\u00e4re.\nEntstanden ist die Deitmecke um das Jahr 1896 durch den damals neu gegr\u00fcndeten SGV. Sie wurde unter dem Namen \u201eWaldhalle\u201c als Ausflugsziel betrieben. Sie war schon damals beliebt bei den Meschedern, die in den W\u00e4ldern oberhalb von Meschede spazieren gingen und anschlie\u00dfend in der Waldhalle Rast machten. Sp\u00e4ter wurde die Gastwirtschaft als Deitmecke weiter betrieben und war an bestimmten Feiertagen f\u00fcr G\u00e4ste ge\u00f6ffnet sowie f\u00fcr Feierlichkeiten zu buchen.\nSeit dem 1.Juli 2016 sind Volker Arens, Dr. Michael Elbers, Michael Wiese und Rudolf Wilmers P\u00e4chter der jetztigen \"waldbar.\"\n\n<\/div>\n\t\t<\/div><\/div><\/div><div id=\"pg-27-2\"  class=\"panel-grid panel-no-style\" ><div id=\"pgc-27-2-0\"  class=\"panel-grid-cell\" ><div id=\"panel-27-2-0-0\" class=\"so-panel widget widget_sow-image panel-first-child panel-last-child\" data-index=\"4\" ><div\n\t\t\t\n\t\t\tclass=\"so-widget-sow-image so-widget-sow-image-default-8b5b6f678277-27\"\n\t\t\t\n\t\t>\n\n<div class=\"sow-image-container\">\n\t\t<img decoding=\"async\" src=\"http:\/\/www.waldbar.com\/wp-content\/uploads\/2016\/08\/G04A4706_klein.jpg\" width=\"864\" height=\"576\" srcset=\"http:\/\/www.waldbar.com\/wp-content\/uploads\/2016\/08\/G04A4706_klein.jpg 864w, http:\/\/www.waldbar.com\/wp-content\/uploads\/2016\/08\/G04A4706_klein-300x200.jpg 300w, http:\/\/www.waldbar.com\/wp-content\/uploads\/2016\/08\/G04A4706_klein-768x512.jpg 768w, http:\/\/www.waldbar.com\/wp-content\/uploads\/2016\/08\/G04A4706_klein-272x182.jpg 272w, http:\/\/www.waldbar.com\/wp-content\/uploads\/2016\/08\/G04A4706_klein-120x80.jpg 120w\" sizes=\"(max-width: 864px) 100vw, 864px\" alt=\"\" loading=\"lazy\" \t\tclass=\"so-widget-image\"\/>\n\t<\/div>\n\n<\/div><\/div><\/div><div id=\"pgc-27-2-1\"  class=\"panel-grid-cell\" ><div id=\"panel-27-2-1-0\" class=\"so-panel widget widget_sow-image panel-first-child panel-last-child\" data-index=\"5\" ><div\n\t\t\t\n\t\t\tclass=\"so-widget-sow-image so-widget-sow-image-default-8b5b6f678277-27\"\n\t\t\t\n\t\t>\n\n<div class=\"sow-image-container\">\n\t\t<img decoding=\"async\" src=\"http:\/\/www.waldbar.com\/wp-content\/uploads\/2016\/08\/G04A4733_klein.jpg\" width=\"864\" height=\"576\" srcset=\"http:\/\/www.waldbar.com\/wp-content\/uploads\/2016\/08\/G04A4733_klein.jpg 864w, http:\/\/www.waldbar.com\/wp-content\/uploads\/2016\/08\/G04A4733_klein-300x200.jpg 300w, http:\/\/www.waldbar.com\/wp-content\/uploads\/2016\/08\/G04A4733_klein-768x512.jpg 768w, http:\/\/www.waldbar.com\/wp-content\/uploads\/2016\/08\/G04A4733_klein-272x182.jpg 272w, http:\/\/www.waldbar.com\/wp-content\/uploads\/2016\/08\/G04A4733_klein-120x80.jpg 120w\" sizes=\"(max-width: 864px) 100vw, 864px\" alt=\"\" loading=\"lazy\" \t\tclass=\"so-widget-image\"\/>\n\t<\/div>\n\n<\/div><\/div><\/div><div id=\"pgc-27-2-2\"  class=\"panel-grid-cell\" ><div id=\"panel-27-2-2-0\" class=\"so-panel widget widget_sow-image panel-first-child panel-last-child\" data-index=\"6\" ><div\n\t\t\t\n\t\t\tclass=\"so-widget-sow-image so-widget-sow-image-default-8b5b6f678277-27\"\n\t\t\t\n\t\t>\n\n<div class=\"sow-image-container\">\n\t\t<img decoding=\"async\" src=\"http:\/\/www.waldbar.com\/wp-content\/uploads\/2016\/08\/G04A5183_klein.jpg\" width=\"864\" height=\"576\" srcset=\"http:\/\/www.waldbar.com\/wp-content\/uploads\/2016\/08\/G04A5183_klein.jpg 864w, http:\/\/www.waldbar.com\/wp-content\/uploads\/2016\/08\/G04A5183_klein-300x200.jpg 300w, http:\/\/www.waldbar.com\/wp-content\/uploads\/2016\/08\/G04A5183_klein-768x512.jpg 768w, http:\/\/www.waldbar.com\/wp-content\/uploads\/2016\/08\/G04A5183_klein-272x182.jpg 272w, http:\/\/www.waldbar.com\/wp-content\/uploads\/2016\/08\/G04A5183_klein-120x80.jpg 120w\" sizes=\"(max-width: 864px) 100vw, 864px\" alt=\"\" loading=\"lazy\" \t\tclass=\"so-widget-image\"\/>\n\t<\/div>\n\n<\/div><\/div><\/div><\/div><div id=\"pg-27-3\"  class=\"panel-grid panel-no-style\" ><div id=\"pgc-27-3-0\"  class=\"panel-grid-cell\" ><div id=\"panel-27-3-0-0\" class=\"so-panel widget widget_text panel-first-child panel-last-child\" data-index=\"7\" >\t\t\t<div class=\"textwidget\"><p>Der neue Name \"waldbar.\" soll an die Geschichte und Tradition erinnern, aber auch ein Zeichen daf\u00fcr sein, dass neue moderne Konzepte f\u00fcr die G\u00e4ste erm\u00f6glicht werden sollen. <\/p>\n<p>Die Waldbar soll f\u00fcr Meschede Event- und Kulturlocation sein:<\/p>\n<li>- Ein Veranstaltungsort f\u00fcr Meschede sein, der in unterschiedlicher Art f\u00fcr Feiern buchbar ist<\/li>\n<li>- Ein Ort f\u00fcr Meschede sein, wo Schulen und Kinderg\u00e4rten sowie Vereine und Freundeskreise die M\u00f6glichkeit haben, Treffen, Klassenfeiern sowie Abschlussfeiern auszurichten<\/li>\n<li>- Ein Ort f\u00fcr Meschede sein, an dem Kulturveranstaltungen in Kooperation mit der Mescheder Kulturszene durchgef\u00fchrt werden k\u00f6nnen<\/li>\n<li>- Ein Ort f\u00fcr Meschede, der regelm\u00e4\u00dfig besondere Events bietet<\/li>\n<\/div>\n\t\t<\/div><\/div><\/div><div id=\"pg-27-4\"  class=\"panel-grid panel-no-style\" ><div id=\"pgc-27-4-0\"  class=\"panel-grid-cell\" ><div id=\"panel-27-4-0-0\" class=\"so-panel widget widget_sow-image panel-first-child panel-last-child\" data-index=\"8\" ><div\n\t\t\t\n\t\t\tclass=\"so-widget-sow-image so-widget-sow-image-default-8b5b6f678277-27\"\n\t\t\t\n\t\t>\n\n<div class=\"sow-image-container\">\n\t\t<img decoding=\"async\" src=\"http:\/\/www.waldbar.com\/wp-content\/uploads\/2016\/08\/Panorama-Waldbar_2149.jpg\" width=\"1600\" height=\"620\" srcset=\"http:\/\/www.waldbar.com\/wp-content\/uploads\/2016\/08\/Panorama-Waldbar_2149.jpg 1600w, http:\/\/www.waldbar.com\/wp-content\/uploads\/2016\/08\/Panorama-Waldbar_2149-300x116.jpg 300w, http:\/\/www.waldbar.com\/wp-content\/uploads\/2016\/08\/Panorama-Waldbar_2149-768x298.jpg 768w, http:\/\/www.waldbar.com\/wp-content\/uploads\/2016\/08\/Panorama-Waldbar_2149-1024x397.jpg 1024w\" sizes=\"(max-width: 1600px) 100vw, 1600px\" title=\"Panorama Waldbar_2149\" alt=\"\" loading=\"lazy\" \t\tclass=\"so-widget-image\"\/>\n\t<\/div>\n\n<\/div><\/div><\/div><\/div><\/div>","protected":false},"excerpt":{"rendered":"<p>Die Waldgastst\u00e4tte Deitmecke ist f\u00fcr die Mescheder Bev\u00f6lkerung seit Jahrzenten ein Begriff f\u00fcr sommerliche Gasstronomieerlebnisse sowie Feiern und Veranstaltungen zu jeder Jahreszeit in einer besonderen, naturnahen Atmosph\u00e4re. Entstanden ist die Deitmecke um das Jahr 1896 durch den damals neu gegr\u00fcndeten SGV. Sie wurde unter dem Namen \u201eWaldhalle\u201c als Ausflugsziel betrieben. Sie war schon damals beliebt [&hellip;]<\/p>\n","protected":false},"author":1,"featured_media":169,"parent":0,"menu_order":1,"comment_status":"closed","ping_status":"closed","template":"","meta":{"footnotes":""},"_links":{"self":[{"href":"http:\/\/www.waldbar.com\/index.php?rest_route=\/wp\/v2\/pages\/27"}],"collection":[{"href":"http:\/\/www.waldbar.com\/index.php?rest_route=\/wp\/v2\/pages"}],"about":[{"href":"http:\/\/www.waldbar.com\/index.php?rest_route=\/wp\/v2\/types\/page"}],"author":[{"embeddable":true,"href":"http:\/\/www.waldbar.com\/index.php?rest_route=\/wp\/v2\/users\/1"}],"replies":[{"embeddable":true,"href":"http:\/\/www.waldbar.com\/index.php?rest_route=%2Fwp%2Fv2%2Fcomments&post=27"}],"version-history":[{"count":23,"href":"http:\/\/www.waldbar.com\/index.php?rest_route=\/wp\/v2\/pages\/27\/revisions"}],"predecessor-version":[{"id":168,"href":"http:\/\/www.waldbar.com\/index.php?rest_route=\/wp\/v2\/pages\/27\/revisions\/168"}],"wp:featuredmedia":[{"embeddable":true,"href":"http:\/\/www.waldbar.com\/index.php?rest_route=\/wp\/v2\/media\/169"}],"wp:attachment":[{"href":"http:\/\/www.waldbar.com\/index.php?rest_route=%2Fwp%2Fv2%2Fmedia&parent=27"}],"curies":[{"name":"wp","href":"https:\/\/api.w.org\/{rel}","templated":true}]}}